5*m = s + 1856. What are the prime factors of m?
2, 3, 31
Suppose 3*i - j = 6236, -4*i + 5*j + 4921 + 3412 = 0. Suppose 0 = 2*y + 2, -y + i = 3*w - 2*y. What are the prime factors of w?
2, 173
Suppose -22*m - 25*m = -42*m - 2865. What are the prime factors of m?
3, 191
Let q(s) = 2*s**3 - 21*s**2 - 35*s + 25. Let t be q(16). Suppose 4*u - v - t = 0, -2*u - 334 = 5*v - 1469. List the prime factors of u.
2, 3, 5, 19
Let c be 5 + 2 - ((-45)/(-20))/((-3)/360). Let j = 227 - 414. Let m = j + c. What are the prime factors of m?
2, 3, 5
Let f be (-288)/21 + (-10)/35. Let l = 43 + f. Suppose v - 36 = l. List the prime factors of v.
5, 13
Let h(o) = -o + 47. Let a be h(20). Let l(m) = -27*m**2 - 1 + a*m**2 + 117*m**3 - 1 + 3*m. What are the prime factors of l(1)?
2, 59
Let o(y) = 5*y**2 + 4*y + 5. Let b be o(2). List the prime factors of (-159)/b + 2/(-11) - -290.
3, 5, 19
Let i be -1*1*22/99*-9. Suppose -5*w + 3571 = -i*y, 147 = 3*w - y - 1996. What are the prime factors of w?
5, 11, 13
Let t(h) = 9*h - 4. Let r be t(1). Suppose 5*o - 61 = -z, r*z = -o + 1 - 8. What are the prime factors of o?
13
Let o = -181494 + 262900. What are the prime factors of o?
2, 13, 31, 101
Suppose 3*r - 2*s = 156310 - 36687, 0 = -12*r - 5*s + 478388. What are the prime factors of r?
39869
Let m(z) = z**3 - 26*z**2 + 48*z + 2. Let b be m(24). Suppose -4*t = -3*x + 900, 5*t - 9 = b*t. What are the prime factors of x?
2, 19
Suppose -11*x = 3*u + 3546, 2*x - 16*u + 14*u = -632. Let l = 108 - 250. Let z = l - x. What are the prime factors of z?
179
Let h(s) = 6*s**2 + 43*s + 30. Let t(n) = -4*n**2 - 29*n - 20. Let f(g) = 5*h(g) + 7*t(g). Let b be f(-9). Suppose 86 = 3*w - b. List the prime factors of w.
2, 5
List the prime factors of (-2)/(-82) + 1147264391/26363.
2, 3, 7253
Suppose -4 + 12 = -q, -5*m = 5*q - 133855. List the prime factors of m.
61, 439
Let k(l) = -28*l + 7*l + 50 - 60. Let z be k(-11). Suppose d = 4*b - 427, -3*d - z = b - 3*b. What are the prime factors of b?
2, 53
Suppose -228*d = 4*h - 230*d - 30, -d = -5. Let y = 191 - 124. Suppose h = w - y. List the prime factors of w.
7, 11
Suppose a + 53 = 5*m - 2, 4*a = 3*m - 16. Let y be (12 - -4)*45/m. Suppose -q + j = -y, 181 = 3*q - 4*j - 0*j. List the prime factors of q.
59
Let i = 17948 - -7431. List the prime factors of i.
41, 619
Suppose 0 = -3*d + 4*t + 9961 + 19542, -39349 = -4*d + 3*t. List the prime factors of d.
13, 757
Let d be (-40)/(-3)*48/40. Suppose 5*l - 21 = -2*j, -3*j + 3 = 5*l - d. Suppose 0 = 2*x + l*m - 192, -x - 4 = 5*m - 105. What are the prime factors of x?
7, 13
Suppose -5*a + 775 + 16090 = z, 4*a = 8. What are the prime factors of z?
5, 3371
Suppose 2 = 2*w - 6*w - 5*b, 16 = 5*w - 3*b. Let n be 1/w - (-2 - 382/(-4)). Let a = 180 + n. List the prime factors of a.
3, 29
Let v(u) be the third derivative of u**5/20 - u**4/6 - 7*u**3/6 - 5*u**2. Let o be v(12). Let c = -115 + o. List the prime factors of c.
2, 131
Let o(n) be the first derivative of n**4/4 - 6*n**3 + 7*n**2/2 + 18*n + 23. List the prime factors of o(18).
2, 3
Let w be (-8133)/(-8) - 177/(-472). Let c = w + -633. List the prime factors of c.
2, 3
Let q(r) = 34*r**3 + r**2 + r - 83. List the prime factors of q(11).
3, 15101
Suppose -3*r + 4*r = 2*t + 21969, -5*r - 5*t = -109860. What are the prime factors of r?
127, 173
Suppose 10*h - 40 = 5*h. Suppose -6*c = -h*c + 6. Suppose 0*l + c*l = 2*z - 73, 5*l = -4*z + 91. What are the prime factors of z?
29
Let g(x) = 2*x**3 - 27*x**2 + 8*x + 57. Let b be g(13). Let u = 3 + -6. What are the prime factors of u/(-12) - 622/b?
2, 3, 13
Suppose 823 - 3223 = -24*y. Let u = y + 288. What are the prime factors of u?
2, 97
Suppose 3*k - i + 31 = 0, -2*k - i = -4*i + 23. What are the prime factors of (-303)/(k/(60/18))?
101
Suppose -2*y - 3*c = 78 + 256, -856 = 5*y - 3*c. Let o = -117 - y. What are the prime factors of (4*o)/((-4)/(-2))?
2, 53
Suppose 3*d - 3809 = -5*q, d - 1293 = -0*d + 3*q. What are the prime factors of d?
2, 3, 71
Suppose 267*a + 26 = 269*a. Let h(i) be the second derivative of -i**4/12 + 11*i**3/3 + 13*i**2 + i. What are the prime factors of h(a)?
11, 13
Let o(z) = 21 + 14*z - 10*z + 52 + 10*z. List the prime factors of o(6).
157
Let l(t) = -5*t**2 + 27*t - 41. Let c be l(15). Let g = c - -1141. What are the prime factors of g?
2, 5, 19
Let i be 0/((-8)/32 + (-13)/(-4)). Suppose -3*k + 1233 - 144 = i. What are the prime factors of k?
3, 11
Suppose -49048 = -6*r - 3*t + 28904, 10 = 5*t. What are the prime factors of r?
11, 1181
Let q = -69 - -36. Let w = -501 + 581. What are the prime factors of (w/(-3))/(11/q)?
2, 5
What are the prime factors of ((-4749)/(-6) - -4)/(-16*15/(-13920))?
29, 37, 43
Let y be 2048/(-144) + 4/18. Let p be (38/6)/(y/210). Let n = p + 174. List the prime factors of n.
79
Let h = 56 - 42. Let o be 16/28*h/4. List the prime factors of 106 - o/(-2) - (7 - 6).
2, 53
Let d(y) = 3 - 1 - 19*y - y - 8*y. Let p = 127 + -131. What are the prime factors of d(p)?
2, 3, 19
Let j(o) = 6*o - 170. Let y be j(29). Suppose -6*m + 5668 = y*v, m - 4*v - 480 = 460. List the prime factors of m.
2, 59
Let v be -4 + ((-4)/(-30) - (-730)/150). What are the prime factors of (v - 2)*13/((-39)/3000)?
2, 5
Let y(u) be the second derivative of 23*u**4/3 + 5*u**3/3 + 8*u - 2. What are the prime factors of y(3)?
2, 3, 11, 13
Let c(k) = 6*k - 31. Let g be c(5). Let l(w) be the first derivative of -127*w**2/2 + 3*w - 9. What are the prime factors of l(g)?
2, 5, 13
Let m = -886 - -2600. Suppose m = 2*q - 5*l - 39, -2*l = 6. List the prime factors of q.
11, 79
Let j = -44 + -22. Let i = 72 + j. Suppose -2*l = -150 - i. List the prime factors of l.
2, 3, 13
Let a(f) = 13*f**3 - 6*f**2 + 39*f - 159. List the prime factors of a(15).
3, 103, 139
Let n = -7974 + 7999. What are the prime factors of n?
5
Let b(o) = o**3 + 4*o**2 - 9*o - 17. Let k be b(-5). What are the prime factors of 552/((1 - 1/2)*k)?
2, 23
Let f = -5116 + 19984. What are the prime factors of f?
2, 3, 7, 59
Let f(q) be the first derivative of q**4/12 - 3*q**3/2 - 11*q**2 + 6*q + 6. Let r(w) be the first derivative of f(w). What are the prime factors of r(-7)?
2, 3, 5
Suppose -41*h + 58*h = -109362 + 490791. What are the prime factors of h?
3, 277
What are the prime factors of 7 - (28/294 - 230019/63)?
2, 31, 59
What are the prime factors of (2019*(-76)/570)/(2 - (-282)/(-140))?
2, 7, 673
Suppose 2006949 = -168*z + 6911092 + 4201793. What are the prime factors of z?
2, 41, 661
Suppose -499*r - 10091655 = -814*r. List the prime factors of r.
3, 59, 181
Let t(k) = -2*k**3 - 4*k**2 + 9*k - 4. Let r be t(2). Let x = r - -125. List the prime factors of x.
107
Let z(r) be the third derivative of -13*r**2 + 0*r - 1/120*r**6 + 1/60*r**5 + 0 - 1/12*r**4 + 22*r**3. What are the prime factors of z(0)?
2, 3, 11
Suppose -20*t - 3*a - 60622 = -22*t, -5*a = 30. List the prime factors of t.
2, 109, 139
Suppose -211 = 4*u + 121. Suppose 1931 - 10119 = -46*f. Let y = u + f. What are the prime factors of y?
5, 19
Suppose -6*s + 405 = -21*s. Let g = s + 369. What are the prime factors of g?
2, 3, 19
Let m = -106 - -118. Suppose m*a + 2444 = 25*a. Suppose -3*n = -7*n + a. What are the prime factors of n?
47
Suppose 2*f + 2 + 33 = -5*c, -5*f - 15 = -2*c. Let n(u) = -7*u + 88. Let v be n(17). Let p = f - v. List the prime factors of p.
2, 13
Let u = 44 - 50. Let o(s) = -s**2 - 11*s - 24. Let x be o(u). Suppose -x*f + 105 = f. List the prime factors of f.
3, 5
Let r(p) = 110*p**2 + 28*p + 8. Let b be r(-6). Suppose 102*l = 97*l + b. List the prime factors of l.
2, 5, 19
What are the prime factors of 19/((-37980)/12663 + 3)?
3, 7, 19, 67
Let z(o) = -2*o**2 - 15*o - 20. Let j be z(-5). Let p(i) = i**3 - 4*i**2 + i - 13. What are the prime factors of p(j)?
17
Suppose 0 = 4*d - 20 + 572. Let r = d + 446. List the prime factors of r.
2, 7, 11
Let b be (-5 - -3)/(-1)*6/4. Suppose 15 = 4*r - 2*q - 11, 24 = b*r + 3*q. Suppose r*d + 395 = 12*d. List the prime factors of d.
79
Suppose 0 = -2*z - 2*w + 19898, -4*z + 3*w = -30826 - 9005. What are the prime factors of z?
2, 3, 7, 79
Suppose -99 = f - 5*b, 2*b - b + 93 = -f. Let h be (f - 5 - 4)*1. Let g = h + 239. What are the prime factors of g?
2, 17
Let p(w) = 3*w - 9. Let n(y) = -y + 2. Let u(l) = -2